actor of 153 and 59993?
17
Calculate the greatest common divisor of 92217 and 3009.
177
Calculate the greatest common factor of 5429 and 5607.
89
Calculate the greatest common factor of 814 and 349058.
74
Calculate the greatest common divisor of 994 and 231389.
71
Calculate the highest common factor of 96272 and 48.
16
What is the greatest common factor of 1206 and 8727822?
1206
Calculate the greatest common factor of 826 and 3402.
14
Calculate the greatest common divisor of 74100 and 247.
247
Calculate the highest common divisor of 22464 and 56.
8
Calculate the greatest common divisor of 135 and 21069.
9
Calculate the highest common divisor of 338 and 1534.
26
What is the highest common divisor of 4 and 1697?
1
What is the greatest common factor of 2931 and 35?
1
Calculate the highest common divisor of 45018 and 1230.
246
What is the highest common factor of 10447 and 775?
31
Calculate the greatest common divisor of 5194 and 848.
106
What is the greatest common divisor of 84577 and 83?
83
What is the highest common factor of 516 and 89526?
258
Calculate the greatest common factor of 733 and 27121.
733
What is the highest common factor of 5 and 668680?
5
What is the highest common divisor of 54845 and 105?
35
What is the highest common factor of 507 and 9510?
3
What is the greatest common factor of 2418 and 145514?
62
Calculate the greatest common divisor of 1904 and 21913.
17
What is the highest common divisor of 111 and 16329?
3
What is the highest common factor of 6 and 5820768?
6
What is the greatest common divisor of 35862 and 645?
129
Calculate the greatest common factor of 3771 and 3987.
9
Calculate the greatest common factor of 8 and 449676.
4
What is the highest common factor of 41720 and 1085?
35
What is the highest common divisor of 75 and 18780?
15
Calculate the highest common factor of 2404 and 34.
2
Calculate the greatest common divisor of 3685 and 7437.
67
Calculate the highest common factor of 175165 and 265.
265
Calculate the greatest common factor of 3464370 and 432.
54
Calculate the greatest common factor of 4165 and 51695.
245
What is the highest common divisor of 2025000 and 12?
12
What is the greatest common divisor of 3 and 218130?
3
What is the greatest common divisor of 401093 and 154?
77
Calculate the highest common factor of 842996 and 2668.
92
Calculate the highest common factor of 126 and 18450.
18
Calculate the greatest common factor of 2457 and 9261.
189
What is the highest common divisor of 10452 and 20397?
39
What is the highest common factor of 5475 and 405?
15
Calculate the highest common divisor of 736789 and 73.
73
What is the greatest common divisor of 382 and 525823?
191
What is the highest common factor of 540 and 1395?
45
Calculate the greatest common factor of 329 and 1659.
7
Calculate the greatest common factor of 105 and 3507.
21
What is the highest common divisor of 868 and 30002?
14
Calculate the highest common factor of 5200 and 1610050.
650
Calculate the highest common divisor of 2600 and 28925.
325
What is the highest common factor of 6701994 and 234?
234
What is the greatest common factor of 2648680 and 8280?
920
Calculate the greatest common divisor of 1760 and 608.
32
What is the greatest common factor of 203391 and 27?
27
Calculate the greatest common factor of 30402 and 54.
54
Calculate the highest common divisor of 5332 and 1161.
43
Calculate the highest common divisor of 1816616 and 1552.
776
Calculate the greatest common divisor of 726411 and 84.
21
Calculate the highest common divisor of 244179 and 117.
117
What is the highest common factor of 32 and 22874?
2
What is the highest common divisor of 191212 and 644?
28
Calculate the highest common divisor of 95262 and 6.
6
Calculate the greatest common divisor of 280 and 474640.
40
Calculate the highest common factor of 1319141 and 3099.
1033
Calculate the greatest common divisor of 1291 and 3688387.
1291
What is the highest common factor of 743971 and 15542?
409
Calculate the highest common factor of 45 and 703065.
15
Calculate the highest common divisor of 139530 and 3.
3
Calculate the greatest common divisor of 636 and 11478.
6
Calculate the highest common divisor of 131568 and 144.
48
What is the greatest common divisor of 506378 and 846?
94
What is the greatest common divisor of 25 and 4895?
5
Calculate the highest common factor of 144 and 13488.
48
Calculate the highest common factor of 22 and 3641.
11
What is the greatest common factor of 1370 and 1510?
10
What is the greatest common factor of 4331 and 5041?
71
What is the highest common factor of 725 and 27050?
25
Calculate the highest common factor of 18791 and 115.
23
Calculate the greatest common factor of 110 and 4430.
10
What is the highest common factor of 291 and 9660909?
291
Calculate the greatest common divisor of 330 and 717970.
110
What is the highest common factor of 15539 and 41?
41
What is the greatest common divisor of 171 and 1908?
9
What is the greatest common divisor of 5832 and 327888?
648
Calculate the highest common factor of 8031663 and 27.
27
Calculate the greatest common divisor of 3230 and 5130.
190
What is the highest common factor of 948 and 86031?
237
What is the greatest common factor of 3663 and 31635?
333
Calculate the highest common factor of 372918 and 169.
13
Calculate the greatest common factor of 3145 and 755429.
629
What is the greatest common divisor of 8342 and 12998?
194
Calculate the highest common divisor of 2512 and 436774.
314
What is the greatest common divisor of 304 and 4330176?
304
What is the highest common divisor of 124894 and 70?
14
Calculate the highest common factor of 92900 and 200.
100
Calculate the highest common factor of 86429 and 483.
7
What is the greatest common factor of 14280 and 1365?
105
Calculate the highest common factor of 46017 and 198.
9
What is the greatest common factor of 145664 and 32?
32
What is the highest common divisor of 14510 and 620?
10
Calculate the highest common factor of 180 and 21820.
20
Calculate the greatest common factor of 6 and 109758.
6
What is the greatest common factor of 233020 and 1528?
764
Calculate the greatest common divisor of 336 and 21126.
42
What is the greatest common factor of 696 and 284664?
696
Calculate the greatest common factor of 154418 and 33.
11
Calculate the highest common divisor of 21 and 48727.
7
Calculate the highest common divisor of 578 and 731.
17
Calculate the highest common divisor of 2048 and 2176.
128
What is the greatest common divisor of 322 and 350?
14
Calculate the highest common divisor of 2324 and 429359.
581
Calculate the highest common divisor of 2553 and 1196.
23
What is the greatest common divisor of 298578 and 84?
42
Calculate the highest common factor of 6973 and 58720.
367
What is the greatest common factor of 152760 and 67?
67
Calculate the greatest common factor of 102 and 20550.
6
What is the highest common factor of 105 and 36876?
21
What is the highest common factor of 294 and 2636886?
294
Calculate the greatest common factor of 486 and 60048.
54
What is the greatest common divisor of 20457 and 117?
9
What is the highest common divisor of 9261 and 14?
7
Calculate the greatest common divisor of 99 and 319.
11
Calculate the greatest common divisor of 436597 and 1358.
679
Calculate the highest common divisor of 802812 and 1341.
447
What is the greatest common divisor of 35 and 2387?
7
Calculate the greatest common divisor of 1962 and 1116.
18
Calculate the highest common divisor of 7227 and 539.
11
What is the greatest common factor of 96 and 55840?
32
What is the highest common divisor of 326480 and 45580?
1060
What is the highest common divisor of 3503 and 199445?
113
Calculate the greatest common divisor of 1089 and 10692.
99
What is the greatest common divisor of 3047 and 203872?
277
Calculate the highest common factor of 35 and 4065.
5
Calculate the highest common divisor of 304011 and 153.
153
Calculate the greatest common divisor of 18 and 859266.
18
Calculate the highest common divisor of 2080 and 416.
416
Calculate the greatest common divisor of 168602 and 154.
14
Calculate the highest common factor of 10 and 287290.
10
What is the highest common divisor of 39092 and 116?
116
What is the highest common factor of 126 and 227745?
63